e 6
22503
Convert -12102111 (base 3) to base 2.
-111101110011
-4363 (base 9) to base 11
-2464
Convert 2a (base 13) to base 2.
100100
Convert -1015 (base 13) to base 9.
-3031
Convert -33122 (base 4) to base 14.
-506
What is 310332 (base 7) in base 3?
2200200200
Convert -32200103 (base 4) to base 2.
-1110100000010011
What is 26b (base 16) in base 4?
21223
What is -830 (base 13) in base 4?
-111233
What is 3b4 (base 12) in base 15?
27d
What is -1000000100000 (base 2) in base 3?
-12122220
What is -1204240 (base 5) in base 16?
-57ad
Convert 205413 (base 7) to base 4.
20223033
Convert 221322 (base 4) to base 12.
1676
-1513 (base 9) to base 5
-14041
Convert -10210102 (base 3) to base 13.
-1349
-12255 (base 8) to base 9
-7231
Convert -1758 (base 11) to base 12.
-1369
What is 4440 (base 13) in base 6?
112020
What is 13103201 (base 4) in base 2?
111010011100001
Convert 14218 (base 10) to base 16.
378a
924 (base 13) to base 5
22201
-1f4 (base 16) to base 5
-4000
4202 (base 5) to base 6
2320
Convert -1214 (base 6) to base 15.
-14d
2101022 (base 3) to base 9
2338
Convert -6015 (base 12) to base 2.
-10100010010001
Convert -568 (base 16) to base 14.
-70c
-100000010010 (base 2) to base 8
-4022
What is -41 (base 6) in base 12?
-21
What is -2c3a (base 13) in base 11?
-4953
-43 (base 10) to base 15
-2d
10330030 (base 4) to base 10
20236
Convert -221 (base 13) to base 11.
-302
Convert -557 (base 15) to base 2.
-10010110111
-2780 (base 11) to base 16
-e0d
Convert -1987 (base 10) to base 15.
-8c7
Convert 2747 (base 14) to base 11.
5224
c69 (base 13) to base 4
201003
Convert 1138 (base 15) to base 8.
7105
What is 11100000010100 (base 2) in base 9?
21621
103330 (base 4) to base 12
8a4
What is 5351 (base 8) in base 13?
136b
Convert 36224 (base 7) to base 16.
24a1
What is -143334 (base 5) in base 9?
-8321
17561 (base 8) to base 12
47a9
Convert 7472 (base 8) to base 9.
5311
What is -277b (base 16) in base 7?
-41316
-5cca (base 13) to base 7
-53265
-232010 (base 4) to base 14
-1108
What is 31464 (base 8) in base 4?
3030310
What is 442 (base 13) in base 3?
1000001
Convert -234 (base 12) to base 11.
-279
-122332 (base 4) to base 16
-6be
What is -369 (base 15) in base 3?
-1001200
-4044430 (base 5) to base 3
-10100000012
What is -4010 (base 7) in base 5?
-21004
Convert 234001 (base 5) to base 7.
34102
-34410 (base 6) to base 15
-16bc
Convert 2100021020 (base 3) to base 13.
17cbb
What is -15873 (base 9) in base 11?
-8228
-20021 (base 5) to base 12
-891
What is -1012002 (base 3) in base 8?
-1542
What is -102011012 (base 3) in base 11?
-6123
-b6c9 (base 16) to base 9
-71162
What is 57235 (base 9) in base 8?
112326
What is -25 (base 7) in base 12?
-17
What is -1c5 (base 15) in base 11?
-343
Convert 1322550 (base 6) to base 2.
10001111000000010
b0b9 (base 12) to base 10
19149
What is 11001001101 (base 2) in base 15?
728
What is 112020 (base 3) in base 2?
110000000
What is 2179 (base 12) in base 16?
e6d
What is -10542 (base 7) in base 12?
-1670
Convert -550 (base 8) to base 3.
-111100
-4003 (base 5) to base 15
-238
What is -161262 (base 7) in base 11?
-218a7
Convert 29a7 (base 16) to base 6.
121211
What is 562 (base 8) in base 5?
2440
133054 (base 9) to base 11
55918
What is -3dc1 (base 15) in base 16?
-33af
What is 104214 (base 5) in base 11?
284a
What is -78b (base 15) in base 14?
-89c
What is -20120100 (base 3) in base 8?
-11264
-438 (base 12) to base 9
-758
1443 (base 9) to base 10
1092
What is 386 (base 10) in base 8?
602
What is -124112 (base 5) in base 11?
-3761
What is 453 (base 11) in base 10?
542
What is 10c (base 16) in base 6?
1124
What is -2413 (base 5) in base 10?
-358
What is 1420 (base 5) in base 4?
3223
-19a6 (base 14) to base 16
-122e
-556 (base 15) to base 2
-10010110110
What is -7465 (base 12) in base 16?
-31cd
What is -766 (base 14) in base 8?
-2666
Convert -142030 (base 5) to base 13.
-28b1
362 (base 12) to base 4
13322
-165a (base 12) to base 3
-10122121
-11120 (base 4) to base 15
-17e
-18c4 (base 15) to base 11
-4032
What is 100100111110110 (base 2) in base 7?
106126
-202022110 (base 3) to base 11
-10142
-477 (base 14) to base 5
-12024
-220302 (base 4) to base 7
-10416
Convert -111011111100 (base 2) to base 4.
-323330
What is 449 (base 12) in base 14?
333
What is 132 (base 8) in base 12?
76
-91a5 (base 12) to base 5
-1001241
What is 3417 (base 12) in base 2?
1011010010011
Convert 133 (base 5) to base 8.
53
Convert 103147 (base 8) to base 3.
1202012100
103150 (base 6) to base 12
4ab6
Convert 1a41 (base 11) to base 7.
10353
Convert -771 (base 8) to base 16.
-1f9
-66652 (base 7) to base 16
-419b
1000111011111 (base 2) to base 7
16224
107523 (base 8) to base 2
1000111101010011
4e4 (base 15) to base 12
78a
Convert 121012022 (base 3) to base 9.
17168
9884 (base 13) to base 12
10355
-120 (base 9) to base 5
-344
Convert 983b (base 14) to base 9.
40081
-1778 (base 10) to base 14
-910
Convert 131010 (base 6) to base 5.
340021
What is 20 (base 9) in base 6?
30
Convert -21314 (base 5) to base 11.
-1107
What is 777 (base 9) in base 11?
52a
3551 (base 14) to base 5
244113
What is 3687 (base 10) in base 13?
18a8
ce5 (base 15) to base 4
231203
Convert -511 (base 8) to base 3.
-110012
Convert 1a691 (base 11) to base 15.
87d7
346 (base 14) to base 7
1616
What is -100011100011101 (base 2) in base 16?
-471d
Convert -1112 (base 4) to base 8.
-126
-556 (base 9) to base 3
-121220
100010101110001 (base 2) to base 8
42561
What is 7d9 (base 16) in base 9?
2672
What is -1404522 (base 6) in base 9?
-130105
Convert -110101100010 (base 2) to base 5.
-102201
Convert -42161 (base 10) to base 3.
-2010211112
Convert -10000111011001 (base 2) to base 16.
-21d9
Convert 5616 (base 14) to base 2.
11101001000100
What is -548 (base 9) in base 13?
-287
What is -122021 (base 3) in base 11?
-394
Convert d04 (base 16) to base 10.
3332
What is -169 (base 15) in base 12?
-230
Convert 1230340 (base 5) to base 2.
101110100100101
Convert 7a2 (base 16) to base 3.
2200101
What is -6a9 (base 15) in base 10?
-1509
What is 23331 (base 4) in base 8?
1375
What is -1214 (base 7) in base 14?
-244
27b0a (base 12) to base 10
55162
Convert 15a9 (base 14) to base 7.
14202
Convert -682 (base 11) to base 2.
-1100110000
What is 4819 (base 11) in base 9?
8583
What is 1654 (base 7) in base 15?
301
4a38 (base 15) to base 11
10967
What is 160a (base 13) in base 12?
1a45
Convert -622 (base 8) to base 4.
-12102
-2886 (base 13) to base 14
-21c4
-225 (base 10) to base 6
-1013
-2908 (base 10) to base 8
-5534
What is 8f (base 16) in base 7?
263
-174 (base 12) to base 7
-451
What is -110211 (base 4) in base 5?
-20232
What is baa (base 12) in base 7?
4666
Convert -110000101011011 (base 2) to base 14.
-9123
503a (base 13) to base 16
2b1a
What is -53051 (base 10) in base 9?
-80685
Convert -1422243 (base 5) to base 4.
-13100002
Convert -415 (base 8) to base 7.
-533
What is 21111211 (base 3) in base 12?
3204
What is 7049 (base 10) in base 8?
15611
Convert 13634 (base 7) to base 16.
ea5
What is -1536 (base 11) in base 13?
-b8c
101011111011 (base 2) to base 9
3763
Convert 6600 (base 8) to base 5.
102311
-5205 (base 10) to base 12
-3019
24542 (base 7) to base 4
1210301
What is -22111100 (base 3) in base 7?
-24024
Convert 1011021 (base 4) to base 12.
2689
What is 76a (base 14) in base 9?
2008
Convert 54021 (base 7) to base 3.
200101000
-1001111001010000 (base 2) to base 16
-9e50
18a (base 12) to base 14
13c
What is -242 (base 9) in base 3?
-21102
3132110 (base 4) to base 9
21458
What is 43114 (base 6) in base 5?
142003
Convert 26210 (base 13) to base 4.
101033333
-4202 (base 6) to base 7
-2510
Convert 797 (base 10) to base 14.
40d
What is -12440 (base 5) in base 16?
-3e3
What is -58a (base 12) in base 3?
-1010121
Convert -604 (base 9) to base 13.
-2b9
What is 188 (base 12) in base 9?
305
What is -352641 (base 7) in base 2?
-1111011111001011
-138 (base 12) to base 9
-228
What is -2104 (base 8) in base 14?
-580
What is -4a0b (base 13) in base 5?
-313424
2a51 (base 14) to base 10
7519
2371 (base 9) to base 11
1365
Convert 6341 (base 8) to base 16.
ce1
What is 3110120 (base 4) in base 12?
7a48
-45c (base 13) to base 15
-353
-1457 (base 11) to base 12
-1105
Convert -522b (base 13) to base 16.
-2c60
What is 20201 (base 5) in base 11?
a83
Conve